inder when 6 is divided by k(18)?
1
Suppose 0 = -4*k + 22 + 6. Suppose 4*a = k*a - 12. What is the remainder when 5 is divided by a?
1
Suppose -168 = -11*w + 30. Calculate the remainder when w is divided by 7.
4
Let s(a) = a**3 - 10*a**2 + 9*a + 4. Let r be s(9). Suppose -r*x = -x - 72. What is the remainder when x is divided by 9?
6
Suppose 0 = -3*z + 3*o + 12, z = -z + 3*o + 8. Let m = -9 + 20. What is the remainder when m is divided by z?
3
Suppose 3*i + i = 8. Suppose 11*s = 15*s - 8. Suppose -3*v + s = -4. What is the remainder when v is divided by i?
0
Let q(v) = 51*v - 3. What is the remainder when q(2) is divided by 17?
14
Suppose -6*d + 3*d = 216. Let b = -29 - d. Calculate the remainder when b is divided by 9.
7
Calculate the remainder when 27 is divided by -16 - -34 - (-4)/(-1).
13
Let c = 61 - 34. Calculate the remainder when c is divided by 7.
6
Let q(d) = -d**3 - 11*d**2 - 12*d - 12. Let o be q(-10). Suppose o = 4*u - 0. What is the remainder when 3 is divided by u?
1
Suppose -c = -2 - 4. What is the remainder when 20 - ((-3)/(-1) - 0) is divided by c?
5
What is the remainder when 29 is divided by (-2)/(1*3/(-12))?
5
Calculate the remainder when ((-34)/(-3))/(2/(-24)*-2) is divided by 7.
5
Let i = 100 - 75. Calculate the remainder when i is divided by 2.
1
Let f(t) = 0 - t**2 + 1 + 5 - 1 + 8*t. What is the remainder when 59 is divided by f(5)?
19
Let w(d) = -d**2 + 5*d + 1. Calculate the remainder when 12 is divided by w(3).
5
Suppose 3*i + 50 + 5 = -4*h, 2*i = -10. Let t = 11 + h. What is the remainder when t is divided by 1?
0
Calculate the remainder when 33 is divided by (-7 + 10)/((-2)/(-8)).
9
Suppose -v + 4*g - 10 = 0, 0 = -3*v + 2*g + 2*g - 6. Suppose 4*j - 20 = -v*f, j + 68 = 5*f + 2*j. What is the remainder when 40 is divided by f?
12
Suppose -z - 32 = -3*z. Suppose -z = -s - 3*s. Suppose -31 = -s*p - 11. What is the remainder when 13 is divided by p?
3
Suppose 2*o - 16 = -2*q, o + 4*o + q = 60. Suppose -5*c + 32 = -o. What is the remainder when 33 is divided by c?
6
Let u(y) = -4*y - 2. Let r(n) = -n + 4. Let h be r(7). Let p = h + 9. What is the remainder when u(-3) is divided by p?
4
What is the remainder when 15/30 - (-54)/4 is divided by 16/(-6)*3/(-2)?
2
Let n(k) = 2*k - 9. Calculate the remainder when 6 is divided by n(7).
1
Let p(f) = 4*f - 14. Calculate the remainder when 107 is divided by p(6).
7
Let v = -6 - -12. Let m be (-2)/(-4)*v + 0. Suppose 15 = -3*p, 4*c + m*p - 95 = -c. What is the remainder when c is divided by 6?
4
Let t = 12 + 1. Let b(i) = 10*i**2 + 2*i + 1. What is the remainder when b(-2) is divided by t?
11
Suppose -3*w - 25 = -5*x, -5*w = x + 17 + 6. Calculate the remainder when 7 is divided by x.
1
Let v be (3/(-2))/(3/(-20)). Calculate the remainder when 44 is divided by ((-3)/(-2))/(1/v).
14
Suppose -5*z - 3*i = -10*z + 45, 0 = -2*z - i + 18. Calculate the remainder when 31 is divided by z.
4
Let n = 18 + -9. Calculate the remainder when 16 is divided by n.
7
Let x(i) = -i**3 + 4*i**2 + 5*i + 4. Let q be x(5). Let j(w) = -w**2 - 4*w + 6 - 5*w - 4*w + q*w. What is the remainder when j(-5) is divided by 14?
12
Suppose 5 = 6*v - 31. Calculate the remainder when 35 is divided by v.
5
Let x be 1/3*-1*-147. Let h = 74 - x. Let j = h + -11. Calculate the remainder when j is divided by 8.
6
Suppose 5*x - 5 = 5. Let i(w) = 14*w**2 - 2*w - 1 + 1 + 2*w**x - 1. Calculate the remainder when 50 is divided by i(-1).
16
Let w = 0 + -1. Let a be (16/(-10))/(w/5). Suppose a = 5*i - i. What is the remainder when 2 is divided by i?
0
Suppose 72*f - 71*f - 7 = 0. Calculate the remainder when 16 is divided by f.
2
Calculate the remainder when 79 is divided by 17 + 3 + -3 - -3.
19
Let v(b) = b**3 + 4*b**2 - 7*b. Let n be (-8 - -18)/(-1 + -1). Suppose 4*k + 4*g = 6*k - 56, k - 3*g = 28. Calculate the remainder when k is divided by v(n).
8
Let t be (-17)/(2/(-2 - -4)). Let j be (-2)/6*0 - t. Let n = j + -8. Calculate the remainder when 26 is divided by n.
8
Suppose -c - 4*c + 17 = 3*a, 5*a - 22 = -2*c. Suppose -a*t + 3 = f - 8, -4*f - 3*t = -109. Calculate the remainder when f is divided by 44/6*(-9)/(-6).
9
Suppose v - n = 12, 0 = 3*v - n - n - 40. What is the remainder when 47 is divided by v?
15
Let j be (-15)/(-60) - (-1826)/(-8). What is the remainder when (1 + 5)*j/(-18) is divided by 13?
11
Suppose -3*d = -5*h - 233, -d - h + 164 = d. Let b = -7 - -28. What is the remainder when d is divided by b?
18
Suppose 4*d - 3 = -t + 4, -3*d - t = -5. Let c(r) = r**2 - 5*r + 3. Let z be c(5). Let b = z + -1. What is the remainder when b is divided by d?
0
Suppose -2*o - 3*o + 115 = 0. Calculate the remainder when 44 is divided by o.
21
Let n(h) = 4*h. Let q = 34 - 23. Let f be n(q). Suppose 4*t + 24 = 2*d, -d - 2*d + 2*t = -f. What is the remainder when 62 is divided by d?
14
Suppose -3*w + 374 = 14*w. What is the remainder when w is divided by 12?
10
Suppose -4*s + 5*z + 46 = 2*z, 2*s = -z + 18. Suppose -155 = -s*h + 5*h. What is the remainder when h is divided by 16?
15
Let g(m) = m**3 + 6*m**2 - 4*m - 4. Suppose -3*h + 0 - 18 = 0. Let w be g(h). Let k = -14 + w. What is the remainder when 9 is divided by k?
3
Let a(z) = z**2 - 3. What is the remainder when a(-2) is divided by 1?
0
Let s = -9 + -9. Let g(n) = n**2 - 2*n - 1. Calculate the remainder when (-734)/s - 2/(-9) is divided by g(5).
13
Suppose 2*j - 4*j = -10. Suppose 10 = -3*l + j*l. Suppose -16 = -q + 3*p, 0*q + 3*p = 5*q - 68. What is the remainder when q is divided by l?
3
Suppose 35 = 3*z + 5*c, 2*z + 2 = 4*c + 18. Let f = -24 + 30. What is the remainder when z is divided by f?
4
Suppose 16 + 4 = 4*i, 2*i + 120 = -5*u. Let x = u - -44. Calculate the remainder when x is divided by 10.
8
Let h = 7 - 13. Let g = -3 - h. Suppose -3*z = -6*z + 5*v + 14, g*v = 4*z - 15. Calculate the remainder when 4 is divided by z.
1
Let r = -108 + 183. Calculate the remainder when r is divided by 19.
18
Calculate the remainder when 44 + -7 - (1 - 2) is divided by 20.
18
Suppose 0 = -5*a - 27 - 3. Let i = a - -10. Let v = 12 + -6. What is the remainder when v is divided by i?
2
Suppose -4*g = -43 - 13. What is the remainder when 41 is divided by g?
13
Suppose 4*u - 22 = -6. What is the remainder when 14 is divided by u?
2
Calculate the remainder when (-142 - 12/3)/(-2) is divided by 19.
16
Suppose 9*b - 105 + 6 = 0. Calculate the remainder when 152 is divided by b.
9
Suppose -12*k + 229 + 119 = 0. Calculate the remainder when k is divided by 8.
5
Let d = -113 + 20. Let i = -26 - d. Calculate the remainder when i is divided by 23.
21
Let v be 63/(-14)*(-10)/(-3). Let p be (9/15)/((-1)/v). Suppose -15 = 4*u - 7*u - 3*a, -u - 3*a + p = 0. What is the remainder when 7 is divided by u?
1
Suppose 0 = -4*i - 17 + 37. Suppose 1 - 14 = -b. Calculate the remainder when b is divided by i.
3
Let q be -5*3 + 0 - 2. Let y = q - -39. Let n = 3 + 9. Calculate the remainder when y is divided by n.
10
Suppose 3*l = 19 + 23. Suppose 0 = 11*m - 16*m + 200. Calculate the remainder when m is divided by l.
12
Suppose -v - 19 = -5*z, v - 4*z + 22 = -2*z. Let s = v + 42. What is the remainder when 53 is divided by s?
17
Suppose -205 = -2*c - 3*c - 5*h, -70 = -2*c + 2*h. Let j = 5 + -3. Suppose 16 = j*y - c. Calculate the remainder when y is divided by 15.
12
Let m(s) = -s + 6. Let t be m(5). Suppose -2*g + 8 = 0, -3*z - 2*g - 1 = -6. Calculate the remainder when 18 is divided by 9 + (z/(-1))/t.
8
Let i(x) = -2*x + 6. Let k = -16 - -8. What is the remainder when i(k) is divided by 12?
10
Suppose 6 = 4*f + p, 3*f - 3*p - 2*p = 16. Suppose 162 = i + f*i. Suppose 0 = -2*a - a + i. Calculate the remainder when 35 is divided by a.
17
Let i = -276 - -294. Suppose 4*n + 13 = 145. Calculate the remainder when n is divided by i.
15
Let z(r) = r**3 + 7*r**2 - 2*r - 2. Calculate the remainder when z(-6) is divided by 12.
10
Let d(x) = x**2 + x - 5. Let a be d(-4). Suppose -v + a*o = 2*o - 4, 0 = -4*v + 2*o + 70. Let h = v + -12. Calculate the remainder when 20 is divided by h.
6
Suppose -2*y + 106 = -0*y. Let a = -119 - -272. Suppose -y = 4*c - a. Calculate the remainder when c is divided by 9.
7
Let c(y) = y**2 + 5*y - 5. Let h(k) = 1. Let s(r) = c(r) + 4*h(r). What is the remainder when ((-12)/15)/(1/(-10